e the remainder when 24334 is divided by 567.
520
Calculate the remainder when 1700839 is divided by 313.
310
What is the remainder when 10706325 is divided by 18?
15
What is the remainder when 64556011 is divided by 2708?
2707
Calculate the remainder when 14735 is divided by 1612.
227
What is the remainder when 720448 is divided by 240080?
208
What is the remainder when 122250 is divided by 61?
6
Calculate the remainder when 31730620 is divided by 2382.
2380
Calculate the remainder when 30356 is divided by 1512.
116
What is the remainder when 7973769 is divided by 986?
973
Calculate the remainder when 188786 is divided by 94310.
166
Calculate the remainder when 2819352 is divided by 55.
52
Calculate the remainder when 484851 is divided by 1793.
741
What is the remainder when 83450 is divided by 283?
248
Calculate the remainder when 2419761 is divided by 1953.
1947
Calculate the remainder when 57038901 is divided by 366.
363
Calculate the remainder when 1260784 is divided by 235.
9
What is the remainder when 82049748 is divided by 468?
456
Calculate the remainder when 73994 is divided by 7399.
4
Calculate the remainder when 4426479 is divided by 76315.
209
What is the remainder when 12361459 is divided by 211?
24
Calculate the remainder when 1731736 is divided by 346338.
46
Calculate the remainder when 2436136 is divided by 1139.
954
What is the remainder when 4199 is divided by 1522?
1155
Calculate the remainder when 124635 is divided by 6194.
755
Calculate the remainder when 121266 is divided by 119073.
2193
What is the remainder when 2705214 is divided by 28173?
606
Calculate the remainder when 166416 is divided by 856.
352
Calculate the remainder when 3574938 is divided by 2.
0
What is the remainder when 6836962 is divided by 17992?
2
What is the remainder when 692260 is divided by 7?
2
Calculate the remainder when 106257 is divided by 5889.
255
What is the remainder when 63001498 is divided by 388?
386
Calculate the remainder when 1934589 is divided by 11654.
25
Calculate the remainder when 17560077 is divided by 5853353.
18
What is the remainder when 283066 is divided by 9763?
9702
Calculate the remainder when 11895187 is divided by 5380.
7
What is the remainder when 3112368 is divided by 1037454?
6
Calculate the remainder when 498203 is divided by 71171.
6
What is the remainder when 801311 is divided by 27630?
41
What is the remainder when 97699 is divided by 382?
289
Calculate the remainder when 1655798 is divided by 11339.
304
What is the remainder when 890252 is divided by 942?
62
What is the remainder when 153590297 is divided by 4351?
4348
Calculate the remainder when 27395555 is divided by 6137.
6124
Calculate the remainder when 521047959 is divided by 1732.
7
Calculate the remainder when 16209599 is divided by 1100.
1099
Calculate the remainder when 1021460 is divided by 78570.
50
What is the remainder when 16692921 is divided by 470?
401
What is the remainder when 2351973 is divided by 47999?
22
Calculate the remainder when 96701 is divided by 16100.
101
What is the remainder when 47145418 is divided by 15715126?
40
Calculate the remainder when 159207744 is divided by 123.
111
Calculate the remainder when 2522774 is divided by 82.
44
What is the remainder when 302962153 is divided by 14?
11
Calculate the remainder when 49842101 is divided by 598.
595
What is the remainder when 536924207 is divided by 17?
15
What is the remainder when 98695 is divided by 32789?
328
What is the remainder when 34947619 is divided by 4992516?
7
Calculate the remainder when 5394859 is divided by 2697415.
29
What is the remainder when 1968351 is divided by 54?
51
What is the remainder when 364872 is divided by 40?
32
What is the remainder when 1505555 is divided by 752776?
3
Calculate the remainder when 261154412 is divided by 9.
8
What is the remainder when 1893326 is divided by 42?
8
What is the remainder when 521759 is divided by 1087?
1086
Calculate the remainder when 42619785 is divided by 1642.
33
Calculate the remainder when 308547 is divided by 321.
66
What is the remainder when 1798013 is divided by 256848?
77
Calculate the remainder when 185705399 is divided by 3017.
3015
Calculate the remainder when 2267821 is divided by 215.
1
Calculate the remainder when 16646229 is divided by 96.
21
Calculate the remainder when 88095475 is divided by 53.
41
What is the remainder when 198050 is divided by 132?
50
What is the remainder when 544926 is divided by 94?
8
Calculate the remainder when 14698681 is divided by 4899552.
25
Calculate the remainder when 24189196 is divided by 37.
2
What is the remainder when 486752 is divided by 243312?
128
What is the remainder when 1840 is divided by 1398?
442
What is the remainder when 128075 is divided by 4272?
4187
What is the remainder when 1298966620 is divided by 16?
12
Calculate the remainder when 20039 is divided by 6679.
2
Calculate the remainder when 787933 is divided by 805.
643
Calculate the remainder when 350571 is divided by 723.
639
What is the remainder when 79175 is divided by 433?
369
Calculate the remainder when 745198 is divided by 5996.
1694
What is the remainder when 4189 is divided by 1369?
82
Calculate the remainder when 21810316 is divided by 2765.
2761
Calculate the remainder when 2071650 is divided by 1016.
26
What is the remainder when 330139 is divided by 995?
794
What is the remainder when 31040793 is divided by 282189?
3
What is the remainder when 235441 is divided by 235356?
85
What is the remainder when 543130 is divided by 4636?
718
What is the remainder when 2314947 is divided by 14?
5
Calculate the remainder when 15687 is divided by 7511.
665
What is the remainder when 3224565 is divided by 358285?
0
Calculate the remainder when 14748782 is divided by 269.
50
What is the remainder when 19119 is divided by 9555?
9
Calculate the remainder when 14169810 is divided by 643.
19
Calculate the remainder when 108146 is divided by 142.
84
What is the remainder when 1066991 is divided by 1675?
16
What is the remainder when 4000879 is divided by 666761?
313
What is the remainder when 25141292 is divided by 732?
20
What is the remainder when 64014577 is divided by 21338189?
10
What is the remainder when 132711 is divided by 43312?
2775
Calculate the remainder when 683262 is divided by 1958.
1878
Calculate the remainder when 10441440 is divided by 1740238.
12
Calculate the remainder when 108561 is divided by 1410.
1401
What is the remainder when 80384 is divided by 822?
650
What is the remainder when 652748 is divided by 2281?
382
What is the remainder when 67468 is divided by 4383?
1723
What is the remainder when 212631 is divided by 366?
351
What is the remainder when 2876495 is divided by 279?
5
Calculate the remainder when 468342755 is divided by 252.
251
What is the remainder when 58584942 is divided by 26521?
53
Calculate the remainder when 5975611 is divided by 97.
23
What is the remainder when 21016 is divided by 9782?
1452
Calculate the remainder when 2517105 is divided by 839029.
18
Calculate the remainder when 459395 is divided by 65626.
13
Calculate the remainder when 1895207 is divided by 2325.
332
Calculate the remainder when 311231 is divided by 1638.
11
What is the remainder when 35672462 is divided by 719?
715
Calculate the remainder when 778825 is divided by 1627.
1119
Calculate the remainder when 2073065 is divided by 477.
23
What is the remainder when 442639 is divided by 4864?
15
What is the remainder when 1567211 is divided by 141?
137
Calculate the remainder when 127529997 is divided by 2250.
2247
Calculate the remainder when 786914022 is divided by 79.
78
What is the remainder when 4464440 is divided by 20?
0
Calculate the remainder when 3305171 is divided by 1101704.
59
What is the remainder when 159440 is divided by 52850?
890
What is the remainder when 381842 is divided by 81?
8
Calculate the remainder when 16954458 is divided by 27.
24
Calculate the remainder when 2475256 is divided by 37.
30
Calculate the remainder when 1960785 is divided by 280000.
785
Calculate the remainder when 24730523 is divided by 405.
8
What is the remainder when 431664 is divided by 19613?
178
Calculate the remainder when 239372 is divided by 879.
284
What is the remainder when 1126388